{"id":189,"date":"2023-06-09T17:39:53","date_gmt":"2023-06-09T17:39:53","guid":{"rendered":"https:\/\/royalpurpleguatemala.com\/?post_type=product&#038;p=189"},"modified":"2026-01-22T20:05:00","modified_gmt":"2026-01-23T02:05:00","slug":"hp-2c-para-motocicletas","status":"publish","type":"product","link":"https:\/\/royalpurpleguatemala.com\/index.php\/producto\/hp-2c-para-motocicletas\/","title":{"rendered":"HP-2C \/ 2-Cylce Engines"},"content":{"rendered":"<p>Royal Purple HP 2-C se recomienda para su uso en motores de dos tiempos de gasolina premezclada y con inyecci\u00f3n de aceite en motores fuera de borda, motocicletas, motos acu\u00e1ticas, motosierras, etc. Para aplicaciones con inyecci\u00f3n de aceite en climas fr\u00edos, Royal Purple recomienda su Snow 2 -C. La formulaci\u00f3n sin cenizas y la solvencia sint\u00e9tica de HP 2-C mantienen limpias las buj\u00edas y los puertos de escape para lograr la m\u00e1xima eficiencia del motor. HP 2-C est\u00e1 formulado con la tecnolog\u00eda de aditivos sint\u00e9ticos Synerlec\u00ae, patentada por Royal Purple, que protege los anillos, los cojinetes y las paredes de los cilindros del contacto de metal con metal y protege contra raspaduras, excoriaciones y soldaduras, que pueden ocurrir en condiciones severas. Esta limpieza del motor combinada con el bajo coeficiente de fricci\u00f3n de Royal Purple HP 2-C promueve una mayor potencia y velocidad del motor. Los motores funcionan con mayor eficiencia de combusti\u00f3n y pasan m\u00e1s tiempo entre revisiones cuando se lubrican con HP 2-C.<\/p>\n<p>VENTAJAS DE RENDIMIENTO<\/p>\n<ul>\n<li>Mayor protecci\u00f3n contra el desgaste<\/li>\n<li>Mayor potencia<\/li>\n<li>Protecci\u00f3n superior contra el \u00f3xido\/corrosi\u00f3n<\/li>\n<li>Funcionamiento m\u00e1s fresco y menos p\u00e9rdida de energ\u00eda par\u00e1sita<\/li>\n<li>Sin de ceniza para minimizar los dep\u00f3sitos de escape<\/li>\n<\/ul>\n","protected":false},"excerpt":{"rendered":"<p>Royal Purple HP 2-C se recomienda para su uso en motores de dos tiempos de gasolina premezclada y con inyecci\u00f3n de aceite en motores fuera de borda, motocicletas, motos acu\u00e1ticas, motosierras, etc. Para aplicaciones con inyecci\u00f3n de aceite en climas fr\u00edos, Royal Purple recomienda su Snow 2 -C. La formulaci\u00f3n sin cenizas y la solvencia [&hellip;]<\/p>\n","protected":false},"featured_media":190,"comment_status":"open","ping_status":"closed","template":"","meta":[],"product_brand":[],"product_cat":[21,23,26,22],"product_tag":[],"class_list":{"0":"post-189","1":"product","2":"type-product","3":"status-publish","4":"has-post-thumbnail","6":"product_cat-aceites-de-motor","7":"product_cat-consumo","8":"product_cat-industrial","9":"product_cat-lubricantes-automotrices","11":"first","12":"instock","13":"sale","14":"shipping-taxable","15":"purchasable","16":"product-type-simple"},"_links":{"self":[{"href":"https:\/\/royalpurpleguatemala.com\/index.php\/wp-json\/wp\/v2\/product\/189","targetHints":{"allow":["GET"]}}],"collection":[{"href":"https:\/\/royalpurpleguatemala.com\/index.php\/wp-json\/wp\/v2\/product"}],"about":[{"href":"https:\/\/royalpurpleguatemala.com\/index.php\/wp-json\/wp\/v2\/types\/product"}],"replies":[{"embeddable":true,"href":"https:\/\/royalpurpleguatemala.com\/index.php\/wp-json\/wp\/v2\/comments?post=189"}],"wp:featuredmedia":[{"embeddable":true,"href":"https:\/\/royalpurpleguatemala.com\/index.php\/wp-json\/wp\/v2\/media\/190"}],"wp:attachment":[{"href":"https:\/\/royalpurpleguatemala.com\/index.php\/wp-json\/wp\/v2\/media?parent=189"}],"wp:term":[{"taxonomy":"product_brand","embeddable":true,"href":"https:\/\/royalpurpleguatemala.com\/index.php\/wp-json\/wp\/v2\/product_brand?post=189"},{"taxonomy":"product_cat","embeddable":true,"href":"https:\/\/royalpurpleguatemala.com\/index.php\/wp-json\/wp\/v2\/product_cat?post=189"},{"taxonomy":"product_tag","embeddable":true,"href":"https:\/\/royalpurpleguatemala.com\/index.php\/wp-json\/wp\/v2\/product_tag?post=189"}],"curies":[{"name":"wp","href":"https:\/\/api.w.org\/{rel}","templated":true}]}}