{"id":175,"date":"2023-04-26T16:59:16","date_gmt":"2023-04-26T16:59:16","guid":{"rendered":"https:\/\/royalpurpleguatemala.com\/?post_type=product&#038;p=175"},"modified":"2025-12-01T07:06:55","modified_gmt":"2025-12-01T13:06:55","slug":"hps-10w-40-high-performance-street","status":"publish","type":"product","link":"https:\/\/royalpurpleguatemala.com\/index.php\/producto\/hps-10w-40-high-performance-street\/","title":{"rendered":"HPS 10W40 High Performance Street"},"content":{"rendered":"<p>ACEITE DE MOTOR DE ALTO RENDIMIENTO (CON SYNERLEC\u00ae)<br \/>\nHPS se recomienda para su uso en motores industriales estacionarios, flotas comerciales y autom\u00f3viles de gasolina y di\u00e9sel. El aceite de motor Royal Purple\u00ae HPS\u00ae Series est\u00e1 espec\u00edficamente formulado para maximizar el rendimiento y satisfacer las demandas de motores modificados y de alto rendimiento. HPS se recomienda para veh\u00edculos que ya no cuentan con la garant\u00eda del fabricante y para aquellos que buscan un mayor nivel de rendimiento y protecci\u00f3n. Los aceites Royal Purple HPS est\u00e1n fortificados con un alto nivel de aditivo antidesgaste de zinc\/f\u00f3sforo y una generosa dosis de la tecnolog\u00eda de aditivos Synerlec\u00ae patentada de Royal Purple. Estas formulaciones \u00fanicas permiten que los aceites HPS superen a los principales lubricantes sint\u00e9ticos y convencionales tanto en motores de gasolina como di\u00e9sel.<\/p>\n<p>VENTAJAS DE RENDIMIENTO<\/p>\n<p>Resistencia de pel\u00edcula excepcionalmente alta para reducciones dram\u00e1ticas en el desgaste del motor y reducci\u00f3n del calor del motor para prolongar la vida \u00fatil de su motor<br \/>\nLa qu\u00edmica avanzada de los aditivos ayuda a reducir el preencendido a baja velocidad en los motores de inyecci\u00f3n directa de gasolina turbocargados de la actualidad.<br \/>\nEl sellado mejorado entre el anillo del pist\u00f3n y la pared del cilindro maximiza la potencia y el torque y optimiza la econom\u00eda de combustible<br \/>\nLa excepcional estabilidad a la oxidaci\u00f3n prolonga la vida \u00fatil del aceite y permite recorrer m\u00e1s millas entre cambios de aceite, lo que le permite ahorrar tiempo y dinero.<br \/>\nLa solvencia sint\u00e9tica avanzada reduce los dep\u00f3sitos del motor y mantiene los motores limpios<br \/>\nExcelente protecci\u00f3n contra el desgaste para los componentes del tren de v\u00e1lvulas, incluido el elevador de rodillos de rendimiento y los \u00e1rboles de levas y elevadores de taqu\u00e9s planos de alta elevaci\u00f3n<br \/>\nProtecci\u00f3n superior contra la corrosi\u00f3n<\/p>\n","protected":false},"excerpt":{"rendered":"<p>ACEITE DE MOTOR DE ALTO RENDIMIENTO (CON SYNERLEC\u00ae) HPS se recomienda para su uso en motores industriales estacionarios, flotas comerciales y autom\u00f3viles de gasolina y di\u00e9sel. El aceite de motor Royal Purple\u00ae HPS\u00ae Series est\u00e1 espec\u00edficamente formulado para maximizar el rendimiento y satisfacer las demandas de motores modificados y de alto rendimiento. HPS se recomienda [&hellip;]<\/p>\n","protected":false},"featured_media":176,"comment_status":"open","ping_status":"closed","template":"","meta":[],"product_brand":[],"product_cat":[21,23,26],"product_tag":[],"class_list":{"0":"post-175","1":"product","2":"type-product","3":"status-publish","4":"has-post-thumbnail","6":"product_cat-aceites-de-motor","7":"product_cat-consumo","8":"product_cat-industrial","10":"first","11":"instock","12":"shipping-taxable","13":"purchasable","14":"product-type-simple"},"_links":{"self":[{"href":"https:\/\/royalpurpleguatemala.com\/index.php\/wp-json\/wp\/v2\/product\/175","targetHints":{"allow":["GET"]}}],"collection":[{"href":"https:\/\/royalpurpleguatemala.com\/index.php\/wp-json\/wp\/v2\/product"}],"about":[{"href":"https:\/\/royalpurpleguatemala.com\/index.php\/wp-json\/wp\/v2\/types\/product"}],"replies":[{"embeddable":true,"href":"https:\/\/royalpurpleguatemala.com\/index.php\/wp-json\/wp\/v2\/comments?post=175"}],"wp:featuredmedia":[{"embeddable":true,"href":"https:\/\/royalpurpleguatemala.com\/index.php\/wp-json\/wp\/v2\/media\/176"}],"wp:attachment":[{"href":"https:\/\/royalpurpleguatemala.com\/index.php\/wp-json\/wp\/v2\/media?parent=175"}],"wp:term":[{"taxonomy":"product_brand","embeddable":true,"href":"https:\/\/royalpurpleguatemala.com\/index.php\/wp-json\/wp\/v2\/product_brand?post=175"},{"taxonomy":"product_cat","embeddable":true,"href":"https:\/\/royalpurpleguatemala.com\/index.php\/wp-json\/wp\/v2\/product_cat?post=175"},{"taxonomy":"product_tag","embeddable":true,"href":"https:\/\/royalpurpleguatemala.com\/index.php\/wp-json\/wp\/v2\/product_tag?post=175"}],"curies":[{"name":"wp","href":"https:\/\/api.w.org\/{rel}","templated":true}]}}