{"id":125,"date":"2022-11-18T22:01:15","date_gmt":"2022-11-18T22:01:15","guid":{"rendered":"https:\/\/royalpurpleguatemala.com\/?post_type=product&#038;p=125"},"modified":"2026-01-22T20:05:49","modified_gmt":"2026-01-23T02:05:49","slug":"maxfilm","status":"publish","type":"product","link":"https:\/\/royalpurpleguatemala.com\/index.php\/producto\/maxfilm\/","title":{"rendered":"MAXFILM SYNTHETIC LUBRICANT"},"content":{"rendered":"<h4>LUBRICANTE MULTIUSO\/PENETRANTE\/CONSERVADOR (CON SYNERLEC\u00ae)<\/h4>\n<p>Royal Purple\u00ae Maxfilm\u00ae es un lubricante\/penetrante sint\u00e9tico multiprop\u00f3sito de alta resistencia de pel\u00edcula que sobresale en una amplia gama de aplicaciones.\u00a0Maxfilm penetra profundamente, limpia y afloja las partes oxidadas.\u00a0Una vez aplicado, su veh\u00edculo solvente se evapora y deja una pel\u00edcula lubricante tenaz y tixotr\u00f3pica en todas las superficies met\u00e1licas, brindando una protecci\u00f3n duradera contra el desgaste, el \u00f3xido y la corrosi\u00f3n.\u00a0Maxfilm contiene la tecnolog\u00eda de aditivos Synerlec\u00ae patentada de Royal Purple, que ha demostrado que hace que los equipos funcionen de manera m\u00e1s suave, fr\u00eda, silenciosa, prolongada y eficiente.\u00a0Maxfilm utiliza un propulsor no derivado del petr\u00f3leo (CO2).<\/p>\n<h4>MAXFILM SE RECOMIENDA PARA:<\/h4>\n<ul>\n<li>Aflojamiento de piezas atascadas como tuercas, pernos, cerraduras, bisagras, etc.<\/li>\n<li>Lubricaci\u00f3n de herramientas el\u00e9ctricas, bisagras, cadenas, rodillos, engranajes abiertos, aparejos de pesca, equipos de jardiner\u00eda, etc.<\/li>\n<li>Conservaci\u00f3n y protecci\u00f3n de piezas almacenadas, piezas de maquinaria desmontadas, cables de acero, etc., contra la oxidaci\u00f3n y la corrosi\u00f3n.<\/li>\n<li>\u00daselo como fluido de corte manual para facilitar la perforaci\u00f3n manual, roscado, corte de metal, etc., de acero y aluminio<\/li>\n<\/ul>\n","protected":false},"excerpt":{"rendered":"<p>LUBRICANTE MULTIUSO\/PENETRANTE\/CONSERVADOR (CON SYNERLEC\u00ae) Royal Purple\u00ae Maxfilm\u00ae es un lubricante\/penetrante sint\u00e9tico multiprop\u00f3sito de alta resistencia de pel\u00edcula que sobresale en una amplia gama de aplicaciones.\u00a0Maxfilm penetra profundamente, limpia y afloja las partes oxidadas.\u00a0Una vez aplicado, su veh\u00edculo solvente se evapora y deja una pel\u00edcula lubricante tenaz y tixotr\u00f3pica en todas las superficies met\u00e1licas, brindando una [&hellip;]<\/p>\n","protected":false},"featured_media":126,"comment_status":"open","ping_status":"closed","template":"","meta":[],"product_brand":[],"product_cat":[23,26,28],"product_tag":[],"class_list":{"0":"post-125","1":"product","2":"type-product","3":"status-publish","4":"has-post-thumbnail","6":"product_cat-consumo","7":"product_cat-industrial","8":"product_cat-lubricantes-especiales","10":"first","11":"instock","12":"sale","13":"shipping-taxable","14":"purchasable","15":"product-type-simple"},"_links":{"self":[{"href":"https:\/\/royalpurpleguatemala.com\/index.php\/wp-json\/wp\/v2\/product\/125","targetHints":{"allow":["GET"]}}],"collection":[{"href":"https:\/\/royalpurpleguatemala.com\/index.php\/wp-json\/wp\/v2\/product"}],"about":[{"href":"https:\/\/royalpurpleguatemala.com\/index.php\/wp-json\/wp\/v2\/types\/product"}],"replies":[{"embeddable":true,"href":"https:\/\/royalpurpleguatemala.com\/index.php\/wp-json\/wp\/v2\/comments?post=125"}],"wp:featuredmedia":[{"embeddable":true,"href":"https:\/\/royalpurpleguatemala.com\/index.php\/wp-json\/wp\/v2\/media\/126"}],"wp:attachment":[{"href":"https:\/\/royalpurpleguatemala.com\/index.php\/wp-json\/wp\/v2\/media?parent=125"}],"wp:term":[{"taxonomy":"product_brand","embeddable":true,"href":"https:\/\/royalpurpleguatemala.com\/index.php\/wp-json\/wp\/v2\/product_brand?post=125"},{"taxonomy":"product_cat","embeddable":true,"href":"https:\/\/royalpurpleguatemala.com\/index.php\/wp-json\/wp\/v2\/product_cat?post=125"},{"taxonomy":"product_tag","embeddable":true,"href":"https:\/\/royalpurpleguatemala.com\/index.php\/wp-json\/wp\/v2\/product_tag?post=125"}],"curies":[{"name":"wp","href":"https:\/\/api.w.org\/{rel}","templated":true}]}}