{"id":123,"date":"2022-11-18T21:58:22","date_gmt":"2022-11-18T21:58:22","guid":{"rendered":"https:\/\/royalpurpleguatemala.com\/?post_type=product&#038;p=123"},"modified":"2026-01-22T20:05:32","modified_gmt":"2026-01-23T02:05:32","slug":"max-chain","status":"publish","type":"product","link":"https:\/\/royalpurpleguatemala.com\/index.php\/producto\/max-chain\/","title":{"rendered":"MAX-CHAIN \/ CHAIN LUBRICANT"},"content":{"rendered":"<h4>PEL\u00cdCULA SECA\/LUBRICANTE EP (CON SYNERLEC\u00ae)<\/h4>\n<p><strong>Max-Chain se recomienda para cadenas y engranajes abiertos que funcionan en entornos polvorientos.<\/strong>\u00a0Max-Chain es un lubricante sint\u00e9tico avanzado de alto rendimiento que brinda una excelente protecci\u00f3n para cadenas, engranajes abiertos y superficies met\u00e1licas expuestas sujetas a cargas severas, incluso en ambientes h\u00famedos y \u00e1cidos.\u00a0Max-Chain es un lubricante tixotr\u00f3fico \u00fanico mezclado con un veh\u00edculo solvente.\u00a0Se puede aplicar f\u00e1cilmente mediante pulverizaci\u00f3n o brocha.\u00a0Una vez aplicada, la pel\u00edcula portadora se evapora, dejando una pel\u00edcula tenaz, seca y similar a la cera.\u00a0Esta pel\u00edcula no pegajosa minimiza efectivamente la acumulaci\u00f3n de polvo abrasivo y otros contaminantes transportados por el aire.\u00a0El rendimiento de su pel\u00edcula lubricante seca se mejora con las propiedades EP para reducir en gran medida el desgaste y prolongar de manera efectiva la vida \u00fatil del equipo.\u00a0Max-Chain puede lubricar hasta 400\u02daF (despu\u00e9s de que se haya evaporado el solvente de transporte) y brinda una excelente protecci\u00f3n contra el \u00f3xido y la corrosi\u00f3n.\u00a0Max-Chain es un producto sin te\u00f1ir.<\/p>\n<h4>VENTAJAS DE RENDIMIENTO<\/h4>\n<ul>\n<li>Se aplica f\u00e1cilmente<\/li>\n<li>De larga duraci\u00f3n<\/li>\n<li>No atrae polvo\/part\u00edculas<\/li>\n<li>Protege superficies muy cargadas<\/li>\n<li>Excelente protecci\u00f3n contra la corrosi\u00f3n<\/li>\n<\/ul>\n<h6>Nota: Precauci\u00f3n: consulte al fabricante para aplicaciones de alta temperatura.<\/h6>\n","protected":false},"excerpt":{"rendered":"<p>PEL\u00cdCULA SECA\/LUBRICANTE EP (CON SYNERLEC\u00ae) Max-Chain se recomienda para cadenas y engranajes abiertos que funcionan en entornos polvorientos.\u00a0Max-Chain es un lubricante sint\u00e9tico avanzado de alto rendimiento que brinda una excelente protecci\u00f3n para cadenas, engranajes abiertos y superficies met\u00e1licas expuestas sujetas a cargas severas, incluso en ambientes h\u00famedos y \u00e1cidos.\u00a0Max-Chain es un lubricante tixotr\u00f3fico \u00fanico mezclado [&hellip;]<\/p>\n","protected":false},"featured_media":124,"comment_status":"open","ping_status":"closed","template":"","meta":[],"product_brand":[],"product_cat":[23,26,28],"product_tag":[],"class_list":{"0":"post-123","1":"product","2":"type-product","3":"status-publish","4":"has-post-thumbnail","6":"product_cat-consumo","7":"product_cat-industrial","8":"product_cat-lubricantes-especiales","10":"first","11":"instock","12":"sale","13":"shipping-taxable","14":"purchasable","15":"product-type-simple"},"_links":{"self":[{"href":"https:\/\/royalpurpleguatemala.com\/index.php\/wp-json\/wp\/v2\/product\/123","targetHints":{"allow":["GET"]}}],"collection":[{"href":"https:\/\/royalpurpleguatemala.com\/index.php\/wp-json\/wp\/v2\/product"}],"about":[{"href":"https:\/\/royalpurpleguatemala.com\/index.php\/wp-json\/wp\/v2\/types\/product"}],"replies":[{"embeddable":true,"href":"https:\/\/royalpurpleguatemala.com\/index.php\/wp-json\/wp\/v2\/comments?post=123"}],"wp:featuredmedia":[{"embeddable":true,"href":"https:\/\/royalpurpleguatemala.com\/index.php\/wp-json\/wp\/v2\/media\/124"}],"wp:attachment":[{"href":"https:\/\/royalpurpleguatemala.com\/index.php\/wp-json\/wp\/v2\/media?parent=123"}],"wp:term":[{"taxonomy":"product_brand","embeddable":true,"href":"https:\/\/royalpurpleguatemala.com\/index.php\/wp-json\/wp\/v2\/product_brand?post=123"},{"taxonomy":"product_cat","embeddable":true,"href":"https:\/\/royalpurpleguatemala.com\/index.php\/wp-json\/wp\/v2\/product_cat?post=123"},{"taxonomy":"product_tag","embeddable":true,"href":"https:\/\/royalpurpleguatemala.com\/index.php\/wp-json\/wp\/v2\/product_tag?post=123"}],"curies":[{"name":"wp","href":"https:\/\/api.w.org\/{rel}","templated":true}]}}